{"id":38,"date":"2022-08-11T10:04:23","date_gmt":"2022-08-11T08:04:23","guid":{"rendered":"https:\/\/mtc.laurentjannot.fr\/wordpress\/?page_id=38"},"modified":"2022-08-15T15:08:17","modified_gmt":"2022-08-15T13:08:17","slug":"soins","status":"publish","type":"page","link":"https:\/\/mtc.laurentjannot.fr\/wordpress\/","title":{"rendered":"Soins"},"content":{"rendered":"\n<p>Le champ d\u2019action de la <strong>m\u00e9decine traditionnelle chinoise<\/strong> est large.<\/p>\n\n\n\n<p><strong>Champs d&rsquo;action<\/strong><br><br>Dans le cas de troubles suivants, la M\u00e9decine Traditionnelle Chinoise est une aide tr\u00e8s efficace, notamment en ce qui concerne la pr\u00e9vention :<\/p>\n\n\n\n<ul class=\"wp-block-list\"><li>Stress (selon des \u00e9tudes r\u00e9centes, 80 % des maladies seraient&nbsp;li\u00e9es au stress)<\/li><li>Maux de t\u00eates et migraines<\/li><li>Fatigue et burn-out<\/li><li>D\u00e9pression<\/li><li>Probl\u00e8mes \u00e9motionnels<\/li><li>Douleurs de&nbsp;dos, nuque, \u00e9paules<\/li><li>Lumbagos, sciatiques<\/li><li>Probl\u00e8mes articulaires et tendinites<\/li><li>Probl\u00e8mes digestifs : constipation, diarrh\u00e9e, ballonnement&#8230;<\/li><li>Probl\u00e8mes de sommeil : insomnies, cauchemars, hypersomnie&#8230;<\/li><li>Probl\u00e8mes menstruels<\/li><li>Probl\u00e8mes de peau&nbsp;<\/li><li>Gestion des liquides, mauvaise \u00e9limination<\/li><li>Rhumatismes<\/li><li>Maladies respiratoires<\/li><li>Affections de la voix<\/li><li>Probl\u00e8mes&nbsp;li\u00e9s \u00e0 la sexualit\u00e9&nbsp;: impuissance, frigidit\u00e9, grossesse difficile<\/li><li>D\u00e9pendances : tabac, alcool, boulimie, anorexie&#8230;<\/li><li>Douleurs de toutes sortes<\/li><li>Lifting du visage par acupuncture<\/li><\/ul>\n\n\n\n<h2 class=\"wp-block-heading\">L&rsquo;examen chinois peut il remplacer la visite chez un sp\u00e9cialiste ?<\/h2>\n\n\n\n<p>Si la m\u00e9decine chinoise ne se substitue pas \u00e0 la m\u00e9decine occidentale, elle repr\u00e9sente toutefois une alternative cr\u00e9dible. Le praticien de m\u00e9decine chinoise n&rsquo;est habilit\u00e9 qu&rsquo;au diagnostic \u00e9nerg\u00e9tique. Toute suspicion d&rsquo;un \u00e9tat pathologique grave ou de sympt\u00f4mes pouvant \u00e9voquer une pathologie grave doit inciter le praticien \u00e0 diriger le patient vers un sp\u00e9cialiste. La diversit\u00e9 et la fiabilit\u00e9 des moyens d&rsquo;investigation de la m\u00e9decine moderne sont un garant pour tous.<\/p>\n","protected":false},"excerpt":{"rendered":"<p>Le champ d\u2019action de la m\u00e9decine traditionnelle chinoise est large. Champs d&rsquo;action Dans le cas de troubles suivants, la M\u00e9decine Traditionnelle Chinoise est une aide tr\u00e8s efficace, notamment en ce &hellip; <\/p>\n","protected":false},"author":1,"featured_media":0,"parent":0,"menu_order":0,"comment_status":"closed","ping_status":"closed","template":"","meta":{"footnotes":""},"class_list":["post-38","page","type-page","status-publish","hentry"],"jetpack_sharing_enabled":true,"jetpack_likes_enabled":true,"jetpack-related-posts":[{"id":37,"url":"https:\/\/mtc.laurentjannot.fr\/wordpress\/index.php\/pratiques\/","url_meta":{"origin":38,"position":0},"title":"Pratiques","author":"laurent jannot","date":"11 ao\u00fbt 2022","format":false,"excerpt":"D'abord le Dialogue ... Le praticien de M\u00e9decine Traditionnelle Chinoise que vous consultez aujourd'hui se renseignera sur vos habitudes quotidiennes (lieux de vie, alimentation, travail, sommeil, \u00e9motions, etc.) et au besoin vous conseillera sur un comportement plus conforme \u00e0 certaines r\u00e8gles \"naturelles\". Rigueur et m\u00e9thode ... Le praticien de M\u00e9decine\u2026","rel":"","context":"Article similaire","block_context":{"text":"Article similaire","link":""},"img":{"alt_text":"","src":"https:\/\/i0.wp.com\/mtc.laurentjannot.fr\/wordpress\/wp-content\/uploads\/2022\/08\/dietetique.jpg?resize=350%2C200&ssl=1","width":350,"height":200},"classes":[]},{"id":1436,"url":"https:\/\/mtc.laurentjannot.fr\/wordpress\/index.php\/vous-naimez-pas-les-aiguilles-essayez-le-massage-chinois\/","url_meta":{"origin":38,"position":1},"title":"Vous n&rsquo;aimez pas les aiguilles ? Essayez les Massages Chinois","author":"laurent jannot","date":"8 juillet 2025","format":false,"excerpt":"Le massage chinois offre de nombreux bienfaits au niveau physique et psychique. Le massage chinois est \u00e9troitement li\u00e9 \u00e0 l'acupuncture et se concentre sur les canaux et les points d'\u00e9nergie qui transportent et guident le sang ou le Qi dans l'ensemble du corps. Ce type de massage permet de prot\u00e9ger\u2026","rel":"","context":"Article similaire","block_context":{"text":"Article similaire","link":""},"img":{"alt_text":"person doing massage","src":"https:\/\/i0.wp.com\/mtc.laurentjannot.fr\/wordpress\/wp-content\/uploads\/2025\/07\/pexels-photo-3230236-e1752085537654.jpeg?fit=867%2C640&ssl=1&resize=350%2C200","width":350,"height":200,"srcset":"https:\/\/i0.wp.com\/mtc.laurentjannot.fr\/wordpress\/wp-content\/uploads\/2025\/07\/pexels-photo-3230236-e1752085537654.jpeg?fit=867%2C640&ssl=1&resize=350%2C200 1x, https:\/\/i0.wp.com\/mtc.laurentjannot.fr\/wordpress\/wp-content\/uploads\/2025\/07\/pexels-photo-3230236-e1752085537654.jpeg?fit=867%2C640&ssl=1&resize=525%2C300 1.5x, https:\/\/i0.wp.com\/mtc.laurentjannot.fr\/wordpress\/wp-content\/uploads\/2025\/07\/pexels-photo-3230236-e1752085537654.jpeg?fit=867%2C640&ssl=1&resize=700%2C400 2x"},"classes":[]},{"id":39,"url":"https:\/\/mtc.laurentjannot.fr\/wordpress\/index.php\/liens\/","url_meta":{"origin":38,"position":2},"title":"Liens","author":"laurent jannot","date":"11 ao\u00fbt 2022","format":false,"excerpt":"CHUZHEN : Formation en M\u00e9decine Traditionnelle Chinoise la seule formation fran\u00e7aise de niveau universitaire en m\u00e9decine chinoise \u00e0 Paris. Institut Chuzhen de M\u00e9decine Chinoise Le Centre Dijon Restaurant - \u00c9v\u00e9nements culturels - Yoga - Qi Gong - Arts martiaux - Danse - Biodynamique, ... http:\/\/www.lecentre-dijon.fr \"Les Jardins du massage \"\u2026","rel":"","context":"Article similaire","block_context":{"text":"Article similaire","link":""},"img":{"alt_text":"","src":"","width":0,"height":0},"classes":[]},{"id":16,"url":"https:\/\/mtc.laurentjannot.fr\/wordpress\/index.php\/a-propos-de\/","url_meta":{"origin":38,"position":3},"title":"\u00c0 propos de","author":"laurent jannot","date":"10 ao\u00fbt 2022","format":false,"excerpt":"Mon parcours professionnel : Praticien en M\u00e9decine Chinoise Traditionnelle (sp\u00e9cialisation Acupuncture), form\u00e9 par l'Institut Chuzhen \u00e0 Paris (cursus de 4 ans). Master Class \"Techniques de puncture et de moxibustion\", Dr Wang Liping, vice directrice de l\u2019h\u00f4pital Ruguosi de P\u00e9kin. Master Class \"Rhumatismes et douleurs\", Dr Wang Liping, vice directrice de\u2026","rel":"","context":"Article similaire","block_context":{"text":"Article similaire","link":""},"img":{"alt_text":"","src":"https:\/\/i0.wp.com\/mtc.laurentjannot.fr\/wordpress\/wp-content\/uploads\/2022\/08\/pexels-photo-91147-1-e1752085478958.jpeg?fit=1200%2C418&ssl=1&resize=350%2C200","width":350,"height":200,"srcset":"https:\/\/i0.wp.com\/mtc.laurentjannot.fr\/wordpress\/wp-content\/uploads\/2022\/08\/pexels-photo-91147-1-e1752085478958.jpeg?fit=1200%2C418&ssl=1&resize=350%2C200 1x, https:\/\/i0.wp.com\/mtc.laurentjannot.fr\/wordpress\/wp-content\/uploads\/2022\/08\/pexels-photo-91147-1-e1752085478958.jpeg?fit=1200%2C418&ssl=1&resize=525%2C300 1.5x, https:\/\/i0.wp.com\/mtc.laurentjannot.fr\/wordpress\/wp-content\/uploads\/2022\/08\/pexels-photo-91147-1-e1752085478958.jpeg?fit=1200%2C418&ssl=1&resize=700%2C400 2x, https:\/\/i0.wp.com\/mtc.laurentjannot.fr\/wordpress\/wp-content\/uploads\/2022\/08\/pexels-photo-91147-1-e1752085478958.jpeg?fit=1200%2C418&ssl=1&resize=1050%2C600 3x"},"classes":[]},{"id":753,"url":"https:\/\/mtc.laurentjannot.fr\/wordpress\/index.php\/tarifs\/","url_meta":{"origin":38,"position":4},"title":"Tarifs","author":"laurent jannot","date":"4 octobre 2023","format":false,"excerpt":"Pratique de M\u00e9decine Traditionnelle Chinoise Soins de MTC : Aiguilles, Moxibustion, Ventouses, Conseils di\u00e9t\u00e9tiques, Qi Nei Tsang, Auriculoth\u00e9rapie, massage chinois, ... en fonction des besoins : 60\u20ac pour 1h15 de soins. Lifting par aiguilles : 75\u20ac pour 1h de soins. Cours de Qi Gong : Abonnement ann\u00e9e 350\u20ac, Carte abonnement\u2026","rel":"","context":"Article similaire","block_context":{"text":"Article similaire","link":""},"img":{"alt_text":"lines with numbers on head figure","src":"https:\/\/i0.wp.com\/mtc.laurentjannot.fr\/wordpress\/wp-content\/uploads\/2023\/10\/pexels-photo-17108475.jpeg?fit=1200%2C797&ssl=1&resize=350%2C200","width":350,"height":200,"srcset":"https:\/\/i0.wp.com\/mtc.laurentjannot.fr\/wordpress\/wp-content\/uploads\/2023\/10\/pexels-photo-17108475.jpeg?fit=1200%2C797&ssl=1&resize=350%2C200 1x, https:\/\/i0.wp.com\/mtc.laurentjannot.fr\/wordpress\/wp-content\/uploads\/2023\/10\/pexels-photo-17108475.jpeg?fit=1200%2C797&ssl=1&resize=525%2C300 1.5x, https:\/\/i0.wp.com\/mtc.laurentjannot.fr\/wordpress\/wp-content\/uploads\/2023\/10\/pexels-photo-17108475.jpeg?fit=1200%2C797&ssl=1&resize=700%2C400 2x, https:\/\/i0.wp.com\/mtc.laurentjannot.fr\/wordpress\/wp-content\/uploads\/2023\/10\/pexels-photo-17108475.jpeg?fit=1200%2C797&ssl=1&resize=1050%2C600 3x"},"classes":[]},{"id":108,"url":"https:\/\/mtc.laurentjannot.fr\/wordpress\/index.php\/qi-gong\/","url_meta":{"origin":38,"position":5},"title":"Qi Gong","author":"laurent jannot","date":"11 ao\u00fbt 2022","format":false,"excerpt":"\u00a0 Cours de Qi Gong \u00e0 Dijon, chaque Lundi de 18h30 \u00e0 19h30 J'anime un cours d'initiation au Qi gong chaque lundi soir au 29 rue de Chenove, \u00e0 Dijon, au \"Centre\" un cours seul est \u00e0 : 15\u20ac, une carte d'abonnement pour 10 cours, soit un cours par semaine\u2026","rel":"","context":"Article similaire","block_context":{"text":"Article similaire","link":""},"img":{"alt_text":"","src":"https:\/\/i0.wp.com\/mtc.laurentjannot.fr\/wordpress\/wp-content\/uploads\/2022\/08\/wudang-montagne.jpg?resize=350%2C200&ssl=1","width":350,"height":200,"srcset":"https:\/\/i0.wp.com\/mtc.laurentjannot.fr\/wordpress\/wp-content\/uploads\/2022\/08\/wudang-montagne.jpg?resize=350%2C200&ssl=1 1x, https:\/\/i0.wp.com\/mtc.laurentjannot.fr\/wordpress\/wp-content\/uploads\/2022\/08\/wudang-montagne.jpg?resize=525%2C300&ssl=1 1.5x, https:\/\/i0.wp.com\/mtc.laurentjannot.fr\/wordpress\/wp-content\/uploads\/2022\/08\/wudang-montagne.jpg?resize=700%2C400&ssl=1 2x"},"classes":[]}],"jetpack_shortlink":"https:\/\/wp.me\/PebM1q-C","_links":{"self":[{"href":"https:\/\/mtc.laurentjannot.fr\/wordpress\/index.php\/wp-json\/wp\/v2\/pages\/38","targetHints":{"allow":["GET"]}}],"collection":[{"href":"https:\/\/mtc.laurentjannot.fr\/wordpress\/index.php\/wp-json\/wp\/v2\/pages"}],"about":[{"href":"https:\/\/mtc.laurentjannot.fr\/wordpress\/index.php\/wp-json\/wp\/v2\/types\/page"}],"author":[{"embeddable":true,"href":"https:\/\/mtc.laurentjannot.fr\/wordpress\/index.php\/wp-json\/wp\/v2\/users\/1"}],"replies":[{"embeddable":true,"href":"https:\/\/mtc.laurentjannot.fr\/wordpress\/index.php\/wp-json\/wp\/v2\/comments?post=38"}],"version-history":[{"count":4,"href":"https:\/\/mtc.laurentjannot.fr\/wordpress\/index.php\/wp-json\/wp\/v2\/pages\/38\/revisions"}],"predecessor-version":[{"id":570,"href":"https:\/\/mtc.laurentjannot.fr\/wordpress\/index.php\/wp-json\/wp\/v2\/pages\/38\/revisions\/570"}],"wp:attachment":[{"href":"https:\/\/mtc.laurentjannot.fr\/wordpress\/index.php\/wp-json\/wp\/v2\/media?parent=38"}],"curies":[{"name":"wp","href":"https:\/\/api.w.org\/{rel}","templated":true}]}}