{"id":101,"date":"2022-08-11T15:14:47","date_gmt":"2022-08-11T13:14:47","guid":{"rendered":"https:\/\/mtc.laurentjannot.fr\/wordpress\/?page_id=101"},"modified":"2025-02-14T16:57:55","modified_gmt":"2025-02-14T15:57:55","slug":"lifting-visage","status":"publish","type":"page","link":"https:\/\/mtc.laurentjannot.fr\/wordpress\/index.php\/lifting-visage\/","title":{"rendered":"Lifting Energ\u00e9tique du Visage et du corps"},"content":{"rendered":"<div class=\"wp-block-image\">\n<figure class=\"aligncenter size-full is-resized\"><img data-recalc-dims=\"1\" loading=\"lazy\" decoding=\"async\" width=\"182\" height=\"166\" src=\"https:\/\/i0.wp.com\/mtc.laurentjannot.fr\/wordpress\/wp-content\/uploads\/2022\/08\/lifting1.png?resize=182%2C166&#038;ssl=1\" alt=\"\" class=\"wp-image-217\" style=\"width:305px;height:278px\" srcset=\"https:\/\/i0.wp.com\/mtc.laurentjannot.fr\/wordpress\/wp-content\/uploads\/2022\/08\/lifting1.png?w=182&amp;ssl=1 182w, https:\/\/i0.wp.com\/mtc.laurentjannot.fr\/wordpress\/wp-content\/uploads\/2022\/08\/lifting1.png?resize=66%2C60&amp;ssl=1 66w\" sizes=\"auto, (max-width: 182px) 100vw, 182px\" \/><\/figure>\n<\/div>\n\n\n<p>Le lifting \u00e9nerg\u00e9tique est une m\u00e9thode douce et non chirurgicale bas\u00e9e sur les principes de la m\u00e9decine traditionnelle chinoise, tr\u00e8s efficace pour r\u00e9duire et ralentir les signes du vieillissement. Cette m\u00e9thode permet de rester jeune plus longtemps, sans botox, sans acide hyaluronique ni bistouri. C&rsquo;est une m\u00e9thode douce, sans risque, sans danger et peu contraignante qui permet d&rsquo;intervenir en amont .<\/p>\n\n\n\n<p>Elle permet \u00e0 la peau du visage et du corps de retrouver son \u00e9lasticit\u00e9, sa fermet\u00e9, sa tonicit\u00e9 et r\u00e9g\u00e9n\u00e8re les cellules d&rsquo;o\u00f9 une peau saine et \u00e9clatante. Elle retarde le processus de vieillissement de la peau, am\u00e9liore l&rsquo;aspect de la peau.<\/p>\n\n\n\n<p>Elle constitue une cure de rajeunissement globale.<\/p>\n\n\n\n<p>Un traitement n\u00e9cessite entre 5 et 20 s\u00e9ances. Elles peuvent avoir lieu une fois par semaine pour un meilleur r\u00e9sultat. La r\u00e9ponse au traitement est propre \u00e0 chaque individu et d\u00e9pend de son \u00e2ge et de son style de vie. Les r\u00e9sultats sont visibles apr\u00e8s 2 s\u00e9ances.<\/p>\n\n\n\n<p>Une s\u00e9ance d&rsquo;entretien est n\u00e9cessaire et est rythm\u00e9e au cours de l&rsquo;ann\u00e9e de fa\u00e7on personnalis\u00e9e pour chaque individu, par exemple, \u00e0 chaque changement de saison.<\/p>\n\n\n\n<p>\u2022 <strong><em>Sur votre cou et votre Visage<\/em><\/strong>: les ridules disparaissent, les rides et les poches sous les yeux s&rsquo;att\u00e9nuent, le double menton diminue, les pores se resserrent, le visage devient lumineux.<\/p>\n\n\n\n<p>Petit conseil avant la s\u00e9ance : \u00e9vitez le fond de teint, cr\u00eame de jour, phare \u00e0 joue.<\/p>\n\n\n\n<p><strong>Chaque s\u00e9ance dure 1h15 environ et se d\u00e9roule en plusieurs phases :<\/strong><\/p>\n\n\n\n<p>* Traditionnelle chinoise avec travail sur chaque ride.<\/p>\n\n\n\n<p>* Cor\u00e9enne pour un travail en profondeur sur les muscles du visage :<\/p>\n\n\n\n<p>remonter les paupi\u00e8res, repulper ou creuser les joues, arrondi du visage, sillon naso g\u00e9nien, ride du lion (front), &#8230;<\/p>\n\n\n\n<p>\u2022phase \u00ab\u00a0musculaire\u00a0\u00bb : puncture d&rsquo;aiguilles afin de retendre les muscles du visage :<\/p>\n\n\n\n<div class=\"wp-block-columns is-layout-flex wp-container-core-columns-is-layout-9d6595d7 wp-block-columns-is-layout-flex\">\n<div class=\"wp-block-column is-layout-flow wp-block-column-is-layout-flow\">\n<figure class=\"wp-block-image size-full\"><img data-recalc-dims=\"1\" loading=\"lazy\" decoding=\"async\" width=\"752\" height=\"453\" src=\"https:\/\/i0.wp.com\/mtc.laurentjannot.fr\/wordpress\/wp-content\/uploads\/2022\/08\/image-1.jpeg?resize=752%2C453&#038;ssl=1\" alt=\"\" class=\"wp-image-200\" srcset=\"https:\/\/i0.wp.com\/mtc.laurentjannot.fr\/wordpress\/wp-content\/uploads\/2022\/08\/image-1.jpeg?w=752&amp;ssl=1 752w, https:\/\/i0.wp.com\/mtc.laurentjannot.fr\/wordpress\/wp-content\/uploads\/2022\/08\/image-1.jpeg?resize=300%2C181&amp;ssl=1 300w, https:\/\/i0.wp.com\/mtc.laurentjannot.fr\/wordpress\/wp-content\/uploads\/2022\/08\/image-1.jpeg?resize=100%2C60&amp;ssl=1 100w\" sizes=\"auto, (max-width: 752px) 100vw, 752px\" \/><\/figure>\n\n\n\n<p style=\"font-size:18px\"><strong><mark style=\"background-color:rgba(0, 0, 0, 0)\" class=\"has-inline-color has-vivid-red-color\">LES AIGUILLES<\/mark><\/strong><\/p>\n\n\n\n<p style=\"font-size:16px\">Des aiguilles sp\u00e9ciales Lifting seront utilis\u00e9es afin de tonifier les muscles du visage, du cou, du front, \u2026 Les aiguilles sont st\u00e9riles et \u00e0 usage unique.<\/p>\n<\/div>\n\n\n\n<div class=\"wp-block-column is-layout-flow wp-block-column-is-layout-flow\">\n<div style=\"height:100px\" aria-hidden=\"true\" class=\"wp-block-spacer\"><\/div>\n\n\n\n<p style=\"font-size:18px\"><strong><mark style=\"background-color:rgba(0, 0, 0, 0)\" class=\"has-inline-color has-vivid-red-color\">Phase \u00ab\u00a0ride par ride\u00a0\u00bb<\/mark><\/strong><\/p>\n\n\n\n<p style=\"font-size:18px\">En cas de rides plus pr\u00e9sentes et profondes.<br>De fines aiguilles sont ins\u00e9r\u00e9es superficiellement sous la peau. Elles ne laissent aucune marque apr\u00e8s le traitement, tout au plus une l\u00e9g\u00e8re rougeur qui dispara\u00eet en quelques minutes.<\/p>\n\n\n\n<figure class=\"wp-block-image size-full\"><img data-recalc-dims=\"1\" loading=\"lazy\" decoding=\"async\" width=\"600\" height=\"391\" src=\"https:\/\/i0.wp.com\/mtc.laurentjannot.fr\/wordpress\/wp-content\/uploads\/2022\/08\/image-2.jpeg?resize=600%2C391&#038;ssl=1\" alt=\"\" class=\"wp-image-201\" srcset=\"https:\/\/i0.wp.com\/mtc.laurentjannot.fr\/wordpress\/wp-content\/uploads\/2022\/08\/image-2.jpeg?w=600&amp;ssl=1 600w, https:\/\/i0.wp.com\/mtc.laurentjannot.fr\/wordpress\/wp-content\/uploads\/2022\/08\/image-2.jpeg?resize=300%2C196&amp;ssl=1 300w, https:\/\/i0.wp.com\/mtc.laurentjannot.fr\/wordpress\/wp-content\/uploads\/2022\/08\/image-2.jpeg?resize=92%2C60&amp;ssl=1 92w\" sizes=\"auto, (max-width: 600px) 100vw, 600px\" \/><\/figure>\n<\/div>\n<\/div>\n\n\n\n<p>Apr\u00e8s un suivi d&rsquo;une premi\u00e8re ann\u00e9e, Il est recommand\u00e9 4 s\u00e9ances de lifting par aiguilles par an pour l&rsquo;entretien et la conservation des effets acquis lors des premi\u00e8res s\u00e9ances. Loin de substituer \u00e0 la chirurgie esth\u00e9tique , cette m\u00e9thode est une alternative pour tous ceux qui ne peuvent subir d&rsquo;intervention et qui souhaitent une m\u00e9thode enti\u00e8rement naturelle.<\/p>\n\n\n\n<h3 class=\"wp-block-heading\">B\u00e9n\u00e9fices secondaires constat\u00e9s :<\/h3>\n\n\n\n<p>Les personnes ont g\u00e9n\u00e9ralement constat\u00e9s un mieux \u00eatre apr\u00e8s la s\u00e9ance, elles sont plus d\u00e9tendues.<\/p>\n\n\n\n<p>Des am\u00e9liorations ont \u00e9galement \u00e9t\u00e9 constat\u00e9s au niveau de probl\u00e8mes de peau (zona, trijumeau, paralysie faciale, lupus, &#8230;)<\/p>\n\n\n\n<p><\/p>\n\n\n\n<h3 class=\"wp-block-heading\">Le visage avec cette technique, mais pas que &#8230; <\/h3>\n\n\n\n<p>Pour augmenter ou diminuer le volume de vos seins, vous pouvez \u00e9viter la chirurgie et les implants. Les aiguilles vous offre un r\u00e9sultat plus satisfaisant \u00e0 travers cette m\u00e9thode.<\/p>\n\n\n\n<p>L\u2019avantage de ce traitement est que vous allez \u00e9viter de conna\u00eetre la cicatrice observ\u00e9e dans le cadre de la chirurgie esth\u00e9tique. De m\u00eame, vous aurez les seins plus fermes et plus \u00e9quilibr\u00e9s.<\/p>\n\n\n\n<p>Pour plus d&rsquo;informations, cliquez ici : <a href=\"https:\/\/mtc.laurentjannot.fr\/wordpress\/index.php\/les-aiguilles-pour-la-fermete-laugmentation-ou-la-diminution-du-volume-des-seins\/\" data-type=\"page\" data-id=\"1300\">Les aiguilles pour la fermet\u00e9, l\u2019augmentation ou la diminution du volume des seins<\/a><\/p>\n\n\n\n<p><\/p>\n","protected":false},"excerpt":{"rendered":"<p>Le lifting \u00e9nerg\u00e9tique est une m\u00e9thode douce et non chirurgicale bas\u00e9e sur les principes de la m\u00e9decine traditionnelle chinoise, tr\u00e8s efficace pour r\u00e9duire et ralentir les signes du vieillissement. Cette &hellip; <\/p>\n","protected":false},"author":1,"featured_media":0,"parent":0,"menu_order":0,"comment_status":"closed","ping_status":"closed","template":"","meta":{"footnotes":""},"class_list":["post-101","page","type-page","status-publish","hentry"],"jetpack_sharing_enabled":true,"jetpack_likes_enabled":true,"jetpack-related-posts":[{"id":38,"url":"https:\/\/mtc.laurentjannot.fr\/wordpress\/","url_meta":{"origin":101,"position":0},"title":"Soins","author":"laurent jannot","date":"11 ao\u00fbt 2022","format":false,"excerpt":"Le champ d\u2019action de la m\u00e9decine traditionnelle chinoise est large. Champs d'actionDans le cas de troubles suivants, la M\u00e9decine Traditionnelle Chinoise est une aide tr\u00e8s efficace, notamment en ce qui concerne la pr\u00e9vention : Stress (selon des \u00e9tudes r\u00e9centes, 80 % des maladies seraient\u00a0li\u00e9es au stress)Maux de t\u00eates et migrainesFatigue\u2026","rel":"","context":"Article similaire","block_context":{"text":"Article similaire","link":""},"img":{"alt_text":"","src":"","width":0,"height":0},"classes":[]},{"id":37,"url":"https:\/\/mtc.laurentjannot.fr\/wordpress\/index.php\/pratiques\/","url_meta":{"origin":101,"position":1},"title":"Pratiques","author":"laurent jannot","date":"11 ao\u00fbt 2022","format":false,"excerpt":"D'abord le Dialogue ... Le praticien de M\u00e9decine Traditionnelle Chinoise que vous consultez aujourd'hui se renseignera sur vos habitudes quotidiennes (lieux de vie, alimentation, travail, sommeil, \u00e9motions, etc.) et au besoin vous conseillera sur un comportement plus conforme \u00e0 certaines r\u00e8gles \"naturelles\". Rigueur et m\u00e9thode ... Le praticien de M\u00e9decine\u2026","rel":"","context":"Article similaire","block_context":{"text":"Article similaire","link":""},"img":{"alt_text":"","src":"https:\/\/i0.wp.com\/mtc.laurentjannot.fr\/wordpress\/wp-content\/uploads\/2022\/08\/dietetique.jpg?resize=350%2C200&ssl=1","width":350,"height":200},"classes":[]},{"id":1436,"url":"https:\/\/mtc.laurentjannot.fr\/wordpress\/index.php\/vous-naimez-pas-les-aiguilles-essayez-le-massage-chinois\/","url_meta":{"origin":101,"position":2},"title":"Vous n&rsquo;aimez pas les aiguilles ? Essayez les Massages Chinois","author":"laurent jannot","date":"8 juillet 2025","format":false,"excerpt":"Le massage chinois offre de nombreux bienfaits au niveau physique et psychique. Le massage chinois est \u00e9troitement li\u00e9 \u00e0 l'acupuncture et se concentre sur les canaux et les points d'\u00e9nergie qui transportent et guident le sang ou le Qi dans l'ensemble du corps. Ce type de massage permet de prot\u00e9ger\u2026","rel":"","context":"Article similaire","block_context":{"text":"Article similaire","link":""},"img":{"alt_text":"person doing massage","src":"https:\/\/i0.wp.com\/mtc.laurentjannot.fr\/wordpress\/wp-content\/uploads\/2025\/07\/pexels-photo-3230236-e1752085537654.jpeg?fit=867%2C640&ssl=1&resize=350%2C200","width":350,"height":200,"srcset":"https:\/\/i0.wp.com\/mtc.laurentjannot.fr\/wordpress\/wp-content\/uploads\/2025\/07\/pexels-photo-3230236-e1752085537654.jpeg?fit=867%2C640&ssl=1&resize=350%2C200 1x, https:\/\/i0.wp.com\/mtc.laurentjannot.fr\/wordpress\/wp-content\/uploads\/2025\/07\/pexels-photo-3230236-e1752085537654.jpeg?fit=867%2C640&ssl=1&resize=525%2C300 1.5x, https:\/\/i0.wp.com\/mtc.laurentjannot.fr\/wordpress\/wp-content\/uploads\/2025\/07\/pexels-photo-3230236-e1752085537654.jpeg?fit=867%2C640&ssl=1&resize=700%2C400 2x"},"classes":[]},{"id":16,"url":"https:\/\/mtc.laurentjannot.fr\/wordpress\/index.php\/a-propos-de\/","url_meta":{"origin":101,"position":3},"title":"\u00c0 propos de","author":"laurent jannot","date":"10 ao\u00fbt 2022","format":false,"excerpt":"Mon parcours professionnel : Praticien en M\u00e9decine Chinoise Traditionnelle (sp\u00e9cialisation Acupuncture), form\u00e9 par l'Institut Chuzhen \u00e0 Paris (cursus de 4 ans). Master Class \"Techniques de puncture et de moxibustion\", Dr Wang Liping, vice directrice de l\u2019h\u00f4pital Ruguosi de P\u00e9kin. Master Class \"Rhumatismes et douleurs\", Dr Wang Liping, vice directrice de\u2026","rel":"","context":"Article similaire","block_context":{"text":"Article similaire","link":""},"img":{"alt_text":"","src":"https:\/\/i0.wp.com\/mtc.laurentjannot.fr\/wordpress\/wp-content\/uploads\/2022\/08\/pexels-photo-91147-1-e1752085478958.jpeg?fit=1200%2C418&ssl=1&resize=350%2C200","width":350,"height":200,"srcset":"https:\/\/i0.wp.com\/mtc.laurentjannot.fr\/wordpress\/wp-content\/uploads\/2022\/08\/pexels-photo-91147-1-e1752085478958.jpeg?fit=1200%2C418&ssl=1&resize=350%2C200 1x, https:\/\/i0.wp.com\/mtc.laurentjannot.fr\/wordpress\/wp-content\/uploads\/2022\/08\/pexels-photo-91147-1-e1752085478958.jpeg?fit=1200%2C418&ssl=1&resize=525%2C300 1.5x, https:\/\/i0.wp.com\/mtc.laurentjannot.fr\/wordpress\/wp-content\/uploads\/2022\/08\/pexels-photo-91147-1-e1752085478958.jpeg?fit=1200%2C418&ssl=1&resize=700%2C400 2x, https:\/\/i0.wp.com\/mtc.laurentjannot.fr\/wordpress\/wp-content\/uploads\/2022\/08\/pexels-photo-91147-1-e1752085478958.jpeg?fit=1200%2C418&ssl=1&resize=1050%2C600 3x"},"classes":[]},{"id":753,"url":"https:\/\/mtc.laurentjannot.fr\/wordpress\/index.php\/tarifs\/","url_meta":{"origin":101,"position":4},"title":"Tarifs","author":"laurent jannot","date":"4 octobre 2023","format":false,"excerpt":"Pratique de M\u00e9decine Traditionnelle Chinoise Soins de MTC : Aiguilles, Moxibustion, Ventouses, Conseils di\u00e9t\u00e9tiques, Qi Nei Tsang, Auriculoth\u00e9rapie, massage chinois, ... en fonction des besoins : 60\u20ac pour 1h15 de soins. Lifting par aiguilles : 75\u20ac pour 1h de soins. Cours de Qi Gong : Abonnement ann\u00e9e 350\u20ac, Carte abonnement\u2026","rel":"","context":"Article similaire","block_context":{"text":"Article similaire","link":""},"img":{"alt_text":"lines with numbers on head figure","src":"https:\/\/i0.wp.com\/mtc.laurentjannot.fr\/wordpress\/wp-content\/uploads\/2023\/10\/pexels-photo-17108475.jpeg?fit=1200%2C797&ssl=1&resize=350%2C200","width":350,"height":200,"srcset":"https:\/\/i0.wp.com\/mtc.laurentjannot.fr\/wordpress\/wp-content\/uploads\/2023\/10\/pexels-photo-17108475.jpeg?fit=1200%2C797&ssl=1&resize=350%2C200 1x, https:\/\/i0.wp.com\/mtc.laurentjannot.fr\/wordpress\/wp-content\/uploads\/2023\/10\/pexels-photo-17108475.jpeg?fit=1200%2C797&ssl=1&resize=525%2C300 1.5x, https:\/\/i0.wp.com\/mtc.laurentjannot.fr\/wordpress\/wp-content\/uploads\/2023\/10\/pexels-photo-17108475.jpeg?fit=1200%2C797&ssl=1&resize=700%2C400 2x, https:\/\/i0.wp.com\/mtc.laurentjannot.fr\/wordpress\/wp-content\/uploads\/2023\/10\/pexels-photo-17108475.jpeg?fit=1200%2C797&ssl=1&resize=1050%2C600 3x"},"classes":[]},{"id":159,"url":"https:\/\/mtc.laurentjannot.fr\/wordpress\/index.php\/complements-alimentaires\/","url_meta":{"origin":101,"position":5},"title":"Compl\u00e9ments Alimentaires","author":"laurent jannot","date":"14 ao\u00fbt 2022","format":false,"excerpt":"Les compl\u00e9ments alimentaires comblent les carences dans l\u2019alimentation g\u00e9n\u00e9rale. Mais comment fonctionnent-ils exactement ? Compl\u00e9ment alimentaire\u00a0pour combler les carences en nutriments La sant\u00e9 d\u00e9pend grandement de l\u2019alimentation en g\u00e9n\u00e9ral. Une bonne alimentation doit apporter tous les nutriments n\u00e9cessaires au bon fonctionnement de l\u2019organisme. Toutefois, m\u00eame en adoptant une alimentation saine,\u2026","rel":"","context":"Article similaire","block_context":{"text":"Article similaire","link":""},"img":{"alt_text":"","src":"https:\/\/i0.wp.com\/mtc.laurentjannot.fr\/wordpress\/wp-content\/uploads\/2022\/08\/Capture-de%CC%81cran-2022-08-15-a%CC%80-11.46.27.png?resize=350%2C200&ssl=1","width":350,"height":200,"srcset":"https:\/\/i0.wp.com\/mtc.laurentjannot.fr\/wordpress\/wp-content\/uploads\/2022\/08\/Capture-de%CC%81cran-2022-08-15-a%CC%80-11.46.27.png?resize=350%2C200&ssl=1 1x, https:\/\/i0.wp.com\/mtc.laurentjannot.fr\/wordpress\/wp-content\/uploads\/2022\/08\/Capture-de%CC%81cran-2022-08-15-a%CC%80-11.46.27.png?resize=525%2C300&ssl=1 1.5x, https:\/\/i0.wp.com\/mtc.laurentjannot.fr\/wordpress\/wp-content\/uploads\/2022\/08\/Capture-de%CC%81cran-2022-08-15-a%CC%80-11.46.27.png?resize=700%2C400&ssl=1 2x, https:\/\/i0.wp.com\/mtc.laurentjannot.fr\/wordpress\/wp-content\/uploads\/2022\/08\/Capture-de%CC%81cran-2022-08-15-a%CC%80-11.46.27.png?resize=1050%2C600&ssl=1 3x, https:\/\/i0.wp.com\/mtc.laurentjannot.fr\/wordpress\/wp-content\/uploads\/2022\/08\/Capture-de%CC%81cran-2022-08-15-a%CC%80-11.46.27.png?resize=1400%2C800&ssl=1 4x"},"classes":[]}],"jetpack_shortlink":"https:\/\/wp.me\/PebM1q-1D","_links":{"self":[{"href":"https:\/\/mtc.laurentjannot.fr\/wordpress\/index.php\/wp-json\/wp\/v2\/pages\/101","targetHints":{"allow":["GET"]}}],"collection":[{"href":"https:\/\/mtc.laurentjannot.fr\/wordpress\/index.php\/wp-json\/wp\/v2\/pages"}],"about":[{"href":"https:\/\/mtc.laurentjannot.fr\/wordpress\/index.php\/wp-json\/wp\/v2\/types\/page"}],"author":[{"embeddable":true,"href":"https:\/\/mtc.laurentjannot.fr\/wordpress\/index.php\/wp-json\/wp\/v2\/users\/1"}],"replies":[{"embeddable":true,"href":"https:\/\/mtc.laurentjannot.fr\/wordpress\/index.php\/wp-json\/wp\/v2\/comments?post=101"}],"version-history":[{"count":11,"href":"https:\/\/mtc.laurentjannot.fr\/wordpress\/index.php\/wp-json\/wp\/v2\/pages\/101\/revisions"}],"predecessor-version":[{"id":1305,"href":"https:\/\/mtc.laurentjannot.fr\/wordpress\/index.php\/wp-json\/wp\/v2\/pages\/101\/revisions\/1305"}],"wp:attachment":[{"href":"https:\/\/mtc.laurentjannot.fr\/wordpress\/index.php\/wp-json\/wp\/v2\/media?parent=101"}],"curies":[{"name":"wp","href":"https:\/\/api.w.org\/{rel}","templated":true}]}}